{"id":12,"date":"2020-07-08T13:13:37","date_gmt":"2020-07-08T13:13:37","guid":{"rendered":"https:\/\/drscheidt.de\/?page_id=12"},"modified":"2021-10-04T11:40:25","modified_gmt":"2021-10-04T11:40:25","slug":"unser-team","status":"publish","type":"page","link":"https:\/\/drscheidt.de\/index.php\/unser-team.html","title":{"rendered":"Unser Team"},"content":{"rendered":"<p>[et_pb_section fb_built=&#8220;1&#8243; fullwidth=&#8220;on&#8220; _builder_version=&#8220;4.5.1&#8243; background_image=&#8220;https:\/\/drscheidt.de\/wp-content\/uploads\/2020\/07\/Roentgenaufnahme_mitThomas.jpg&#8220; global_module=&#8220;26&#8243; saved_tabs=&#8220;all&#8220;][et_pb_fullwidth_slider _builder_version=&#8220;4.5.1&#8243; background_image=&#8220;https:\/\/drscheidt.de\/wp-content\/uploads\/2020\/07\/Roentgenaufnahme_mitThomas.jpg&#8220; min_height=&#8220;464px&#8220;][et_pb_slide _builder_version=&#8220;4.4.8&#8243; background_enable_color=&#8220;off&#8220; background_image=&#8220;https:\/\/drscheidt.de\/wp-content\/uploads\/2020\/07\/Roentgenaufnahme_mitThomas.jpg&#8220; background_enable_image=&#8220;on&#8220;][\/et_pb_slide][et_pb_slide _builder_version=&#8220;4.5.1&#8243; background_enable_color=&#8220;off&#8220; background_image=&#8220;https:\/\/drscheidt.de\/wp-content\/uploads\/2020\/07\/Wirbel.jpg&#8220; background_enable_image=&#8220;on&#8220;][\/et_pb_slide][et_pb_slide _builder_version=&#8220;4.5.1&#8243; background_enable_color=&#8220;off&#8220; background_image=&#8220;https:\/\/drscheidt.de\/wp-content\/uploads\/2020\/07\/Scheidt_0522.jpg&#8220; background_enable_image=&#8220;on&#8220;][\/et_pb_slide][\/et_pb_fullwidth_slider][\/et_pb_section][et_pb_section fb_built=&#8220;1&#8243; _builder_version=&#8220;4.4.9&#8243;][et_pb_row column_structure=&#8220;2_5,3_5&#8243; _builder_version=&#8220;4.4.9&#8243;][et_pb_column type=&#8220;2_5&#8243; _builder_version=&#8220;4.4.9&#8243;][et_pb_image src=&#8220;https:\/\/drscheidt.de\/wp-content\/uploads\/2021\/10\/Thomas-Scheidt.jpg&#8220; title_text=&#8220;Thomas Scheidt&#8220; _builder_version=&#8220;4.5.1&#8243; hover_enabled=&#8220;0&#8243;][\/et_pb_image][\/et_pb_column][et_pb_column type=&#8220;3_5&#8243; _builder_version=&#8220;4.4.9&#8243;][et_pb_text _builder_version=&#8220;4.4.9&#8243; header_3_text_color=&#8220;#0a4697&#8243; header_3_font_size=&#8220;26px&#8220;]<\/p>\n<h3><b>Dr. Thomas Scheidt<\/b><\/h3>\n<p><span><\/span><\/p>\n<p><span>Facharzt f\u00fcr Orthop\u00e4die und Unfallchirurgie<\/span><br \/> <span>Facharzt f\u00fcr Allgemeinchirurgie<\/span><br \/><span>Akupunktur (A-Diplom)<\/span><br \/> <span>Mitglied im BVOU<\/span><\/p>\n<p><span><\/span><\/p>\n<p><span>Mein Name ist Dr. Thomas Scheidt und ich m\u00f6chte mich gerne bei Ihnen vorstellen. Ich wurde 1969 geboren und wuchs in Wuppertal auf. Nach dem Abitur studierte ich Medizin an den medizinischen Fakult\u00e4ten der Ruhr-Universit\u00e4t zu Bochum und der Universit\u00e4t Gesamthochschule zu Essen.<\/span><\/p>\n<p><span>Nach meiner Approbation im Jahre 1999 erfolgte die Weiterbildung zum Facharzt f\u00fcr Chirurgie in der chirurgischen Abteilung des Bethesda-Krankenhauses in Wuppertal unter Herrn Prof. Dr. D. K. Wilker. Die Facharztpr\u00fcfung zum Chirurgen legte ich am 13. M\u00e4rz 2003 vor der \u00c4rztekammer Nordrhein in D\u00fcsseldorf ab.<\/span><\/p>\n<p><span>Es folgte die Weiterbildung zum Facharzt Orthop\u00e4die und Unfallchirurgie an der Orthop\u00e4dischen Klinik der Evangelischen Stiftung Volmarstein unter Herrn Dr. M. Braun. Die Facharztpr\u00fcfung zum Orthop\u00e4den und Unfallchirurgen legte ich am 16. Dezember 2006 vor der \u00c4rztekammer Westfalen-Lippe in M\u00fcnster ab.<\/span><\/p>\n<p><span>Seit dem 01.01.2007 bin ich nun als niedergelassener Facharzt f\u00fcr Orthop\u00e4die und Unfallchirurgie in Wuppertal Wichlinghausen t\u00e4tig.<\/span><\/p>\n<p>[\/et_pb_text][\/et_pb_column][\/et_pb_row][\/et_pb_section][et_pb_section fb_built=&#8220;1&#8243; _builder_version=&#8220;4.5.1&#8243; hover_enabled=&#8220;0&#8243; disabled_on=&#8220;on|on|on&#8220; disabled=&#8220;on&#8220;][et_pb_row column_structure=&#8220;1_3,1_3,1_3&#8243; use_custom_gutter=&#8220;on&#8220; make_equal=&#8220;on&#8220; _builder_version=&#8220;4.4.9&#8243; width=&#8220;84%&#8220; custom_margin=&#8220;||||false|false&#8220; custom_padding=&#8220;|||13px|false|false&#8220;][et_pb_column type=&#8220;1_3&#8243; _builder_version=&#8220;4.4.9&#8243;][et_pb_team_member name=&#8220;Herr J. J\u00fcrgens&#8220; position=&#8220;Leiter der physikalischen Therapie&#8220; image_url=&#8220;https:\/\/drscheidt.de\/wp-content\/uploads\/2020\/07\/Mitarbeiteri_6.jpg&#8220; _builder_version=&#8220;4.4.9&#8243; header_font=&#8220;|600|||||||&#8220; header_text_color=&#8220;#0a4697&#8243; custom_margin=&#8220;|||0px|false|false&#8220; custom_padding=&#8220;|||0px|false|false&#8220; border_color_all_image=&#8220;#ffffff&#8220;]<\/p>\n<p><span>Praxiszugeh\u00f6rigkeit seit 1984<\/span><br \/> <span>Zust\u00e4ndig f\u00fcr die Bereiche Physiotherapie und physikalische Therapie<\/span><\/p>\n<p>[\/et_pb_team_member][\/et_pb_column][et_pb_column type=&#8220;1_3&#8243; _builder_version=&#8220;4.4.9&#8243;][et_pb_team_member name=&#8220; Frau J. Klein&#8220; position=&#8220;Medizinische Fachangestellte&#8220; image_url=&#8220;https:\/\/drscheidt.de\/wp-content\/uploads\/2020\/07\/Mitarbeiterin_3.jpg&#8220; _builder_version=&#8220;4.4.9&#8243; header_font=&#8220;|600|||||||&#8220; header_text_color=&#8220;#0a4697&#8243; custom_margin=&#8220;|||0px|false|false&#8220; custom_padding=&#8220;|||0px|false|false&#8220; animation=&#8220;fade_in&#8220; border_color_all_image=&#8220;#ffffff&#8220;]<\/p>\n<p><span>Praxiszugeh\u00f6rigkeit seit 1999<\/span><br \/> <span>Zust\u00e4ndig f\u00fcr die Bereiche Anmeldung und Verwaltung<\/span><\/p>\n<p>[\/et_pb_team_member][\/et_pb_column][et_pb_column type=&#8220;1_3&#8243; _builder_version=&#8220;4.4.9&#8243;][et_pb_team_member name=&#8220;Frau M. Garofalo&#8220; position=&#8220;Medizinische Fachangestellte&#8220; image_url=&#8220;https:\/\/drscheidt.de\/wp-content\/uploads\/2020\/07\/Mitarbeiterin_1.jpg&#8220; _builder_version=&#8220;4.4.9&#8243; header_font=&#8220;|600|||||||&#8220; header_text_color=&#8220;#0a4697&#8243; custom_margin=&#8220;|||0px|false|false&#8220; custom_padding=&#8220;|||0px|false|false&#8220; border_color_all_image=&#8220;#ffffff&#8220;]<\/p>\n<p><span>Praxiszugeh\u00f6rigkeit seit 2012<\/span><br \/> <span>Zust\u00e4ndig f\u00fcr die Bereiche Arztassistenz, Anmeldung und Verwaltung, R\u00f6ntgen, Infusionstherapie, Physikalische Therapie<\/span><\/p>\n<p>[\/et_pb_team_member][\/et_pb_column][\/et_pb_row][et_pb_row column_structure=&#8220;1_3,1_3,1_3&#8243; use_custom_gutter=&#8220;on&#8220; make_equal=&#8220;on&#8220; _builder_version=&#8220;4.4.9&#8243; width=&#8220;84%&#8220; custom_margin=&#8220;||||false|false&#8220; custom_padding=&#8220;|||13px|false|false&#8220;][et_pb_column type=&#8220;1_3&#8243; _builder_version=&#8220;4.4.9&#8243;][et_pb_team_member name=&#8220;Frau R. Tay&#8220; position=&#8220;Krankenschwester&#8220; image_url=&#8220;https:\/\/drscheidt.de\/wp-content\/uploads\/2020\/07\/Mitarbeiterin_Frau-Thai.jpg&#8220; _builder_version=&#8220;4.4.9&#8243; header_font=&#8220;|600|||||||&#8220; header_text_color=&#8220;#0a4697&#8243; custom_margin=&#8220;|||0px|false|false&#8220; custom_padding=&#8220;|||0px|false|false&#8220; border_color_all_image=&#8220;#ffffff&#8220;]<\/p>\n<p><span>Praxiszugeh\u00f6rigkeit seit 1984<\/span><br \/><span>Zust\u00e4ndig f\u00fcr die Bereiche Infusionstherapie, Verb\u00e4nde und Wundversorgung<\/span><\/p>\n<p>[\/et_pb_team_member][\/et_pb_column][et_pb_column type=&#8220;1_3&#8243; _builder_version=&#8220;4.4.9&#8243;][et_pb_team_member position=&#8220;Medizinische Fachangestellte&#8220; image_url=&#8220;https:\/\/drscheidt.de\/wp-content\/uploads\/2020\/07\/Mitarbeiterin_5.jpg&#8220; _builder_version=&#8220;4.4.9&#8243; header_font=&#8220;|600|||||||&#8220; header_text_color=&#8220;#0a4697&#8243; custom_margin=&#8220;|||0px|false|false&#8220; custom_padding=&#8220;|||0px|false|false&#8220; border_color_all_image=&#8220;#ffffff&#8220;]<\/p>\n<p><span>Praxiszugeh\u00f6rigkeit seit 1999<\/span><br \/> <span>Zust\u00e4ndig f\u00fcr die Bereiche Anmeldung und Verwaltung<\/span><\/p>\n<p>[\/et_pb_team_member][\/et_pb_column][et_pb_column type=&#8220;1_3&#8243; _builder_version=&#8220;4.4.9&#8243;][et_pb_team_member name=&#8220;Frau M. Garofalo&#8220; position=&#8220;Medizinische Fachangestellte&#8220; image_url=&#8220;https:\/\/drscheidt.de\/wp-content\/uploads\/2020\/07\/Mitarbeiterin_4.jpg&#8220; _builder_version=&#8220;4.4.9&#8243; header_font=&#8220;|600|||||||&#8220; header_text_color=&#8220;#0a4697&#8243; custom_margin=&#8220;|||0px|false|false&#8220; custom_padding=&#8220;|||0px|false|false&#8220; border_color_all_image=&#8220;#ffffff&#8220;]<\/p>\n<p><span>Praxiszugeh\u00f6rigkeit seit 2012<\/span><br \/> <span>Zust\u00e4ndig f\u00fcr die Bereiche Arztassistenz, Anmeldung und Verwaltung, R\u00f6ntgen, Infusionstherapie, Physikalische Therapie<\/span><\/p>\n<p>[\/et_pb_team_member][\/et_pb_column][\/et_pb_row][et_pb_row column_structure=&#8220;1_3,1_3,1_3&#8243; use_custom_gutter=&#8220;on&#8220; make_equal=&#8220;on&#8220; _builder_version=&#8220;4.4.9&#8243; width=&#8220;84%&#8220; custom_margin=&#8220;||||false|false&#8220; custom_padding=&#8220;|||13px|false|false&#8220;][et_pb_column type=&#8220;1_3&#8243; _builder_version=&#8220;4.4.9&#8243;][et_pb_team_member position=&#8220;Krankenschwester&#8220; image_url=&#8220;https:\/\/drscheidt.de\/wp-content\/uploads\/2020\/07\/Mitarbeiterin_6.jpg&#8220; _builder_version=&#8220;4.4.9&#8243; header_font=&#8220;|600|||||||&#8220; header_text_color=&#8220;#0a4697&#8243; custom_margin=&#8220;|||0px|false|false&#8220; custom_padding=&#8220;|||0px|false|false&#8220; border_color_all_image=&#8220;#ffffff&#8220;]<\/p>\n<p><span>Praxiszugeh\u00f6rigkeit seit 1984<\/span><br \/> <span>Zust\u00e4ndig f\u00fcr die Bereiche Infusionstherapie, Verb\u00e4nde und Wundversorgung<\/span><\/p>\n<p>[\/et_pb_team_member][\/et_pb_column][et_pb_column type=&#8220;1_3&#8243; _builder_version=&#8220;4.4.9&#8243;][\/et_pb_column][et_pb_column type=&#8220;1_3&#8243; _builder_version=&#8220;4.4.9&#8243;][\/et_pb_column][\/et_pb_row][\/et_pb_section]<\/p>\n","protected":false},"excerpt":{"rendered":"<p>Dr. Thomas Scheidt Facharzt f\u00fcr Orthop\u00e4die und Unfallchirurgie Facharzt f\u00fcr AllgemeinchirurgieAkupunktur (A-Diplom) Mitglied im BVOU Mein Name ist Dr. Thomas Scheidt und ich m\u00f6chte mich gerne bei Ihnen vorstellen. Ich wurde 1969 geboren und wuchs in Wuppertal auf. Nach dem Abitur studierte ich Medizin an den medizinischen Fakult\u00e4ten der Ruhr-Universit\u00e4t zu Bochum und der Universit\u00e4t [&hellip;]<\/p>\n","protected":false},"author":1,"featured_media":0,"parent":0,"menu_order":0,"comment_status":"closed","ping_status":"closed","template":"","meta":{"_et_pb_use_builder":"on","_et_pb_old_content":"","_et_gb_content_width":"","footnotes":""},"class_list":["post-12","page","type-page","status-publish","hentry"],"_links":{"self":[{"href":"https:\/\/drscheidt.de\/index.php\/wp-json\/wp\/v2\/pages\/12","targetHints":{"allow":["GET"]}}],"collection":[{"href":"https:\/\/drscheidt.de\/index.php\/wp-json\/wp\/v2\/pages"}],"about":[{"href":"https:\/\/drscheidt.de\/index.php\/wp-json\/wp\/v2\/types\/page"}],"author":[{"embeddable":true,"href":"https:\/\/drscheidt.de\/index.php\/wp-json\/wp\/v2\/users\/1"}],"replies":[{"embeddable":true,"href":"https:\/\/drscheidt.de\/index.php\/wp-json\/wp\/v2\/comments?post=12"}],"version-history":[{"count":6,"href":"https:\/\/drscheidt.de\/index.php\/wp-json\/wp\/v2\/pages\/12\/revisions"}],"predecessor-version":[{"id":249,"href":"https:\/\/drscheidt.de\/index.php\/wp-json\/wp\/v2\/pages\/12\/revisions\/249"}],"wp:attachment":[{"href":"https:\/\/drscheidt.de\/index.php\/wp-json\/wp\/v2\/media?parent=12"}],"curies":[{"name":"wp","href":"https:\/\/api.w.org\/{rel}","templated":true}]}}